4108 is divided by 2397.
2393
Calculate the remainder when 102588601 is divided by 23.
22
What is the remainder when 2173718 is divided by 240?
38
Calculate the remainder when 39663 is divided by 3959.
73
Calculate the remainder when 16272022 is divided by 280552.
6
Calculate the remainder when 8215330 is divided by 631947.
19
What is the remainder when 321564 is divided by 320882?
682
What is the remainder when 1430405 is divided by 476770?
95
Calculate the remainder when 9156420 is divided by 57.
54
What is the remainder when 25170468 is divided by 8390151?
15
Calculate the remainder when 63800936 is divided by 799.
786
Calculate the remainder when 60455 is divided by 30206.
43
Calculate the remainder when 18974 is divided by 7819.
3336
Calculate the remainder when 370218 is divided by 11568.
42
Calculate the remainder when 2222644 is divided by 34.
30
What is the remainder when 18621295 is divided by 97?
11
What is the remainder when 19045337 is divided by 161401?
19
What is the remainder when 10821675 is divided by 35?
25
What is the remainder when 8869428 is divided by 65?
48
Calculate the remainder when 336144 is divided by 431.
395
Calculate the remainder when 68388 is divided by 1180.
1128
Calculate the remainder when 282834 is divided by 94017.
783
Calculate the remainder when 2095535 is divided by 209552.
15
What is the remainder when 1151940 is divided by 1151931?
9
What is the remainder when 713983 is divided by 332?
183
Calculate the remainder when 91010 is divided by 4095.
920
Calculate the remainder when 5493 is divided by 649.
301
Calculate the remainder when 483867 is divided by 247.
241
What is the remainder when 10816180 is divided by 35?
25
Calculate the remainder when 30566 is divided by 1220.
66
Calculate the remainder when 484997 is divided by 34641.
23
What is the remainder when 125875162 is divided by 29?
24
Calculate the remainder when 44445 is divided by 2964.
2949
What is the remainder when 57487 is divided by 5204?
243
Calculate the remainder when 718202 is divided by 5884.
354
What is the remainder when 69586 is divided by 7598?
1204
What is the remainder when 335478817 is divided by 1286?
1283
What is the remainder when 3150756 is divided by 1050236?
48
What is the remainder when 3270706 is divided by 3270658?
48
Calculate the remainder when 12894519 is divided by 17761.
33
Calculate the remainder when 41838 is divided by 136.
86
What is the remainder when 3263012 is divided by 1631482?
48
What is the remainder when 67921 is divided by 37?
26
What is the remainder when 466946 is divided by 10649?
9039
Calculate the remainder when 62245679 is divided by 2345.
2344
Calculate the remainder when 345580 is divided by 2068.
224
Calculate the remainder when 560027 is divided by 1526.
1511
What is the remainder when 173837566 is divided by 2766?
2764
What is the remainder when 1470409 is divided by 186?
79
Calculate the remainder when 1090458 is divided by 4870.
4448
Calculate the remainder when 9597812 is divided by 5239.
5203
What is the remainder when 136366 is divided by 1405?
81
What is the remainder when 3953761 is divided by 386?
349
What is the remainder when 5059903 is divided by 346?
345
What is the remainder when 13104273 is divided by 2229?
2211
What is the remainder when 1774344 is divided by 32858?
12
Calculate the remainder when 1933392 is divided by 1477.
1476
Calculate the remainder when 6352077 is divided by 20.
17
Calculate the remainder when 15339000 is divided by 251458.
62
Calculate the remainder when 62805 is divided by 781.
325
What is the remainder when 125713 is divided by 2735?
2638
What is the remainder when 3270772 is divided by 54?
46
Calculate the remainder when 64873 is divided by 477.
1
Calculate the remainder when 12029154 is divided by 20.
14
What is the remainder when 168203 is divided by 6957?
1235
Calculate the remainder when 138848323 is divided by 2.
1
Calculate the remainder when 334299 is divided by 164514.
5271
Calculate the remainder when 3213407 is divided by 247175.
132
Calculate the remainder when 3327518 is divided by 15.
8
Calculate the remainder when 41338 is divided by 1582.
206
Calculate the remainder when 373347 is divided by 3557.
3419
What is the remainder when 23581250 is divided by 6873?
6860
What is the remainder when 263656997 is divided by 2168?
13
Calculate the remainder when 909576 is divided by 90956.
16
Calculate the remainder when 27581392 is divided by 113.
13
Calculate the remainder when 2888985 is divided by 4682.
191
Calculate the remainder when 54822 is divided by 87.
12
Calculate the remainder when 94725 is divided by 1630.
185
Calculate the remainder when 47387893 is divided by 2492.
21
Calculate the remainder when 50488839 is divided by 4206.
15
What is the remainder when 3628710 is divided by 6683?
6524
What is the remainder when 13258544 is divided by 663?
533
Calculate the remainder when 48985349 is divided by 1728.
5
Calculate the remainder when 23383190 is divided by 26.
12
Calculate the remainder when 1504685 is divided by 752105.
475
What is the remainder when 8177493 is divided by 1425?
843
What is the remainder when 41095 is divided by 951?
202
What is the remainder when 1163510 is divided by 2399?
2394
Calculate the remainder when 326801 is divided by 65329.
156
What is the remainder when 2375299 is divided by 3173?
1895
Calculate the remainder when 10390904 is divided by 422.
420
Calculate the remainder when 122949 is divided by 122921.
28
What is the remainder when 546009 is divided by 32049?
1176
What is the remainder when 9092571 is divided by 9092491?
80
What is the remainder when 520205 is divided by 541?
304
Calculate the remainder when 342873 is divided by 3.
0
What is the remainder when 56452407 is divided by 1323?
1320
What is the remainder when 184338 is divided by 1185?
663
What is the remainder when 248270 is divided by 19048?
646
What is the remainder when 62947663 is divided by 102?
97
Calculate the remainder when 16113369 is divided by 44.
41
Calculate the remainder when 4270568 is divided by 157.
11
Calculate the remainder when 3523148 is divided by 391460.
8
Calculate the remainder when 27642470 is divided by 1538.
1534
Calculate the remainder when 19363176 is divided by 2151463.
9
Calculate the remainder when 6925790 is divided by 3837.
5
What is the remainder when 3099456 is divided by 936?
360
Calculate the remainder when 393132800 is divided by 1108.
1104
Calculate the remainder when 30505144 is divided by 2542095.
4
What is the remainder when 148956257 is divided by 74478125?
7
Calculate the remainder when 90449 is divided by 86487.
3962
Calculate the remainder when 116922 is divided by 96.
90
What is the remainder when 23397767 is divided by 671?
668
Calculate the remainder when 127645296 is divided by 2659277.
0
Calculate the remainder when 16365834 is divided by 344.
34
Calculate the remainder when 476361 is divided by 43266.
435
Calculate the remainder when 2034247 is divided by 678078.
13
What is the remainder when 30043720 is divided by 445?
435
What is the remainder when 3629886 is divided by 358?
124
Calculate the remainder when 328386697 is divided by 82096672.
9
Calculate the remainder when 2586254 is divided by 104.
86
What is the remainder when 86853958 is divided by 85994?
18
What is the remainder when 23424 is divided by 4021?
3319
What is the remainder when 12374992 is divided by 550?
542
What is the remainder when 5782204 is divided by 360?
244
What is the remainder when 9738650 is divided by 51?
47
What is the remainder when 473066 is divided by 17520?
26
What is the remainder when 590301 is divided by 147493?
329
What is the remainder when 188931 is divided by 178?
73
What is the remainder when 780940 is divided by 6246?
190
Calculate the remainder when 15877821 is divided by 2710.
2641
Calculate the remainder when 18018263 is divided by 3603649.
18
Calculate the remainder when 702752 is divided by 140522.
142
What is the remainder when 8116819 is divided by 2705595?
34
What is the remainder when 4557160 is divided by 4557156?
4
Calculate the remainder when 37247 is divided by 132.
23
Calculate the remainder when 14607788 is divided by 917.
895
What is the remainder when 1686670 is divided by 8